der when 905100 is divided by 290.
10
Calculate the remainder when 204840 is divided by 3926.
688
Calculate the remainder when 358242764 is divided by 272.
268
What is the remainder when 458855 is divided by 2378?
2279
Calculate the remainder when 21272168 is divided by 6173.
10
What is the remainder when 28165722 is divided by 45?
42
Calculate the remainder when 2264891 is divided by 73061.
0
Calculate the remainder when 863863 is divided by 8315.
7418
What is the remainder when 332388 is divided by 454?
60
What is the remainder when 674539 is divided by 168569?
263
What is the remainder when 152967 is divided by 295?
157
Calculate the remainder when 7629950 is divided by 46.
22
What is the remainder when 144495 is divided by 292?
247
What is the remainder when 17466695 is divided by 57080?
215
What is the remainder when 11977953 is divided by 823?
11
What is the remainder when 44741 is divided by 3573?
1865
What is the remainder when 18844019 is divided by 4710982?
91
What is the remainder when 54595 is divided by 38?
27
Calculate the remainder when 30770602 is divided by 1923162.
10
What is the remainder when 416594 is divided by 46287?
11
What is the remainder when 11663689 is divided by 104140?
9
What is the remainder when 3279942 is divided by 1553?
6
Calculate the remainder when 3364597 is divided by 1121528.
13
What is the remainder when 82851 is divided by 487?
61
What is the remainder when 80198 is divided by 214?
162
Calculate the remainder when 455016 is divided by 718.
522
What is the remainder when 358836 is divided by 119608?
12
What is the remainder when 2791030 is divided by 6758?
6734
Calculate the remainder when 70806992 is divided by 23602312.
56
What is the remainder when 26423 is divided by 1553?
22
Calculate the remainder when 8329129 is divided by 2082281.
5
What is the remainder when 5231854 is divided by 20?
14
Calculate the remainder when 1286446 is divided by 40201.
14
What is the remainder when 9203092 is divided by 55?
52
What is the remainder when 94009447 is divided by 31336479?
10
What is the remainder when 4640087 is divided by 70?
67
What is the remainder when 1809995 is divided by 96?
11
What is the remainder when 2081190 is divided by 693441?
867
Calculate the remainder when 501237 is divided by 174.
117
What is the remainder when 7453191 is divided by 2681?
11
Calculate the remainder when 241669910 is divided by 20.
10
What is the remainder when 10905335 is divided by 138?
23
What is the remainder when 351629 is divided by 1767?
1763
What is the remainder when 374624374 is divided by 187312186?
2
What is the remainder when 9804632 is divided by 5737?
99
What is the remainder when 59912 is divided by 14251?
2908
Calculate the remainder when 11823286 is divided by 3665.
3661
Calculate the remainder when 89071 is divided by 28987.
2110
Calculate the remainder when 547377 is divided by 216.
33
Calculate the remainder when 42021905 is divided by 4669099.
14
What is the remainder when 211526 is divided by 211473?
53
What is the remainder when 14784 is divided by 140?
84
Calculate the remainder when 1187496 is divided by 395813.
57
What is the remainder when 212179 is divided by 2099?
180
What is the remainder when 31595738 is divided by 967?
947
What is the remainder when 551271 is divided by 749?
7
Calculate the remainder when 41177541 is divided by 71.
26
Calculate the remainder when 101316402 is divided by 4.
2
What is the remainder when 110807 is divided by 538?
517
Calculate the remainder when 172348087 is divided by 418.
417
Calculate the remainder when 405759 is divided by 100672.
3071
What is the remainder when 10101607 is divided by 300?
7
What is the remainder when 199079 is divided by 85?
9
Calculate the remainder when 127847 is divided by 14151.
488
What is the remainder when 21370 is divided by 928?
26
Calculate the remainder when 19841256 is divided by 435.
36
Calculate the remainder when 73425420 is divided by 656.
652
What is the remainder when 57169949 is divided by 730?
729
What is the remainder when 289486 is divided by 144736?
14
Calculate the remainder when 3993141 is divided by 106.
15
What is the remainder when 7333468 is divided by 459?
25
What is the remainder when 600251802 is divided by 47?
44
Calculate the remainder when 2339221 is divided by 584788.
69
What is the remainder when 3403084 is divided by 780?
724
Calculate the remainder when 277917 is divided by 710.
307
What is the remainder when 45736954 is divided by 74?
70
What is the remainder when 318238666 is divided by 2073?
2071
Calculate the remainder when 188062 is divided by 2592.
1438
Calculate the remainder when 23318639 is divided by 40.
39
What is the remainder when 913188 is divided by 914?
102
Calculate the remainder when 9978849 is divided by 1321.
15
Calculate the remainder when 18103 is divided by 16552.
1551
Calculate the remainder when 67359 is divided by 121.
83
What is the remainder when 65924 is divided by 15?
14
Calculate the remainder when 61437 is divided by 167.
148
What is the remainder when 1204287 is divided by 199?
138
Calculate the remainder when 126620 is divided by 580.
180
Calculate the remainder when 3580973 is divided by 511562.
39
What is the remainder when 1137234 is divided by 18?
12
What is the remainder when 1903754 is divided by 24724?
6
What is the remainder when 53765 is divided by 13345?
385
Calculate the remainder when 24050 is divided by 1835.
195
Calculate the remainder when 166347 is divided by 137.
29
What is the remainder when 80711 is divided by 80474?
237
What is the remainder when 46520666 is divided by 1099?
1095
Calculate the remainder when 610403 is divided by 95.
28
What is the remainder when 22412763 is divided by 7470914?
21
Calculate the remainder when 328750 is divided by 185.
5
What is the remainder when 712521 is divided by 21559?
1074
What is the remainder when 1838902 is divided by 63?
58
What is the remainder when 1390108132 is divided by 38?
36
What is the remainder when 3071985 is divided by 2597?
2331
What is the remainder when 18284135 is divided by 2612018?
9
What is the remainder when 1094156 is divided by 4676?
4648
What is the remainder when 11329641 is divided by 247?
245
What is the remainder when 50300 is divided by 303?
2
What is the remainder when 13855906 is divided by 1221?
1219
What is the remainder when 498218 is divided by 81?
68
Calculate the remainder when 262758 is divided by 8211.
6
What is the remainder when 1740699 is divided by 20719?
303
Calculate the remainder when 44762261 is divided by 2348.
2337
Calculate the remainder when 24355899 is divided by 233.
176
What is the remainder when 404152167 is divided by 134?
127
What is the remainder when 30361258 is divided by 7?
4
Calculate the remainder when 52217594 is divided by 71.
5
Calculate the remainder when 582687 is divided by 29.
19
What is the remainder when 111094750 is divided by 18515791?
4
Calculate the remainder when 17101955 is divided by 17101946.
9
What is the remainder when 4442534 is divided by 634645?
19
What is the remainder when 2075655 is divided by 48?
39
Calculate the remainder when 9765909 is divided by 236.
229
What is the remainder when 1200688 is divided by 92?
88
Calculate the remainder when 1588916 is divided by 63556.
16
Calculate the remainder when 11118623 is divided by 290.
23
Calculate the remainder when 740807 is divided by 33669.
89
What is the remainder when 546565 is divided by 57?
49
What is the remainder when 5552970 is divided by 69412?
10
Calculate the remainder when 61969025 is divided by 516.
5
Calculate the remainder when 1633092 is divided by 746.
98
Calculate the remainder when 1892010 is divided by 17516.
282
What is the remainder when 1196432 is divided by 39881?
2
Calculate the remainder when 122515 is divided by 30601.
111
Calculate the remainder when 261442 is divided by 5551.
545
What is the remainder when 2914549 is divided by 33?
22
What is the remainder when 10046291 is divided by 12017?
79
What is the remainder when 6539 is divided by 399?
155
Calculate the remainder when 562153 is divided by 15612.
121
What is the remainder when 106497 is divided by 3361?
2306
What is the remainder when 332492 is divided by 25571?
69
What is the remai